
-2
0 + -7 + 25 + -8
10
What is the value of 4 + 9 + (1 - (8 + 2 - 4))?
8
Evaluate (-20 - (13 + -18)) + 0.
-15
What is the value of -10 - -2 - (19 + -5 + (-10 - -1))?
-13
What is the value of (-1 - -2) + -7 + (-165 - -171)?
0
2 + 9 + -46 + (16 - -23)
4
What is 1 - (0 - (16 + -2 - -10)) - 10?
15
Evaluate 6 - (2 + 20 + -31).
15
What is the value of -346 + 343 + (-5 - 0)?
-8
Evaluate 2 - (5 - -2) - (2 + 7 - 14).
0
(-7 - (-4 - -2)) + -7
-12
(7 - (4 - 9) - 24) + 5
-7
What is the value of -11 - (-9 + -6 + (-8 - -7) + 5)?
0
8 - -1 - 4 - (8 + 2)
-5
Calculate 9 + -9 + (-20 - -39).
19
Calculate 2 - (-14 + 28 + -12 + 4 + 0).
-4
What is the value of (-16 - (1 + -2)) + (48 - 47)?
-14
Calculate (6 - (9 + -8) - 2) + -11.
-8
What is the value of (0 + -1 + -1 - 8) + (9 - 10)?
-11
32 - (-27 + 43 - -3)
13
-17 + 3 - (-35 - -11) - 25
-15
What is (14 - 4) + (-4 - -22) + -24?
4
22 + 15 + -17 + -6 - 19
-5
Evaluate -24 - -22 - (-8 + (5 - 13)).
14
Calculate 5 - (-5 + (5 + -6 - -4)).
7
What is the value of -16 - (-11 + 5 + 2 + -9)?
-3
What is -4 - (10 + (-29 - 0) + 3 + -3)?
15
Evaluate (9 - 6 - (1 - -6)) + -608 + 588.
-24
What is 20 + (-3 - (-5 - -1) - 4) + -7?
10
Calculate -2 + 0 - -3 - 2 - (-14 - 2).
15
Evaluate 29 + -7 + -13 + -2 + 6.
13
Evaluate (-9 - 2) + 13 - (7 - -6).
-11
Calculate 29 + (-16 - (14 + -18)).
17
What is the value of (-4 - (3 - (-1 + 2))) + 46 + -27?
13
-30 - (-1 - (14 - (-6 + 9)))
-18
Calculate 6 - ((-17 - -26) + (-2 - (-3 - 1))).
-5
-19 - -9 - -6 - (-6 - -8) - -17
11
Calculate -3 - 19 - (-3 + -5 + 5) - -7.
-12
What is 17 - (9 + (-5 - -1) + 1)?
11
Calculate -105 + 105 - (-6 + 3 - 11).
14
What is 10 - (3 + -12 + -3 + 5)?
17
Evaluate -3 + -14 + 40 + 3.
26
(-11 - -15) + (-2 + -4 - 1)
-3
Calculate -368 + 354 + -2 + 26.
10
Evaluate 1 - 2 - 27 - (-33 + 22).
-17
9 + -5 + (4 - 0)
8
What is -16 + (35 - 21) + (1 - -3)?
2
28 + 14 + -34 + (-1 - (0 + 0))
7
What is -6 + (13 - (6 - 6)) - -2?
9
What is -20 + 18 + (-2 + 5 - 17)?
-16
Calculate -8 + 22 + -13 + 13.
14
1 - 7 - (19 + (1 - 13) + -7)
-6
Calculate -39 + 4 + -5 + 29.
-11
31 - (15 + 29 + -26)
13
Evaluate 10 + (7 - 12 - (-8 - -2)).
11
Calculate 20 + -4 - (17 - 11).
10
What is the value of 4 + (13 - 5 - 21)?
-9
Calculate (18 - 19) + -18 + 7.
-12
What is 10 + 29 + -21 + 1 + -2 + -3?
14
Evaluate -30 - -53 - (34 - -1).
-12
Calculate 3 - ((9 - 15) + -7 + (-3 - -3)).
16
What is the value of -7 + 5 + (-6 - -20 - 25)?
-13
Calculate 0 + ((0 - -2) + 9 + -8 - -8).
11
Evaluate (-23 - (-26 + 16)) + (0 - -8) + -3.
-8
Calculate -5 - (-9 + 2 + -2 + 16 + -4).
-8
What is the value of -13 + 21 + -15 + 14?
7
Calculate 11 - (0 - (-8 - -8)).
11
What is the value of -19 + (-2 - -15) + 22?
16
Evaluate (-32 + -2 - -6) + 40.
12
(-42 - -45) + (-20 - -2)
-15
What is the value of 7 + 13 + -26 + 5 + 2 + 3?
4
Evaluate -8 + 8 - -3 - (-4 - -5).
2
Evaluate -4 - (-10 - -4 - (-3 - (10 - 3))).
-8
What is the value of -102 + 82 - (0 - -4)?
-24
What is the value of (-11 - 0) + (-5 - -3 - -25)?
12
Calculate -8 + (18 - -1) + -7 - 11 - -7.
0
What is 13 + -2 + 6 + -11 + 4 + -3?
7
2 - (3 + -6) - (0 - (-4 - -2))
3
Evaluate (-3 - 3) + 6 + 5 - 1.
4
1 + -1 + (2 + (-17 - -12) - -13)
10
What is (0 - 9) + 1 + (-32 + -16 - -45)?
-11
-29 - -15 - 7 - -29
8
What is -3 + 7 - ((-47 - -19) + 14)?
18
(27 + -22 - -16) + -4
17
4 + 3 - (22 + -19 + 7)
-3
What is 15 + (-12 - 1 - -10 - -3)?
15
What is -11 + 8 - (-3 - 0) - (9 - 10)?
1
-6 - (2 + 10) - -5
-13
What is the value of (89 - 110) + (30 - -5)?
14
(7 - 8 - -4 - -3) + 0
6
Evaluate (1 - 4) + (0 - 7 - (-8 - -1)).
-3
What is (112 - 112) + 1 + -14 - -9?
-4
Evaluate -8 + -19 + 15 + 43 + 1.
32
Evaluate 17 + (-13 + 6 - 9) - (-1 + -7).
9
Calculate 30 + -33 - (4 - 2).
-5
What is (-5 - (5 + 9)) + 20?
1
Evaluate -10 - ((-15 - -10) + (2 - 12)).
5
What is the value of (23 + -16 - 3) + -7 - (1 + 3)?
-7
What is (0 - 2) + (21 - 16) + -5 - -1?
-1
Calculate -6 + (5 - 3 - -4) - (29 + -34).
5
Calculate -30 + 4 + (298 - 259).
13
Evaluate 6 + 23 - 0 - (-5 + 1 - -9).
24
Evaluate 2 - 11 - (-18 - 13 - -19).
3
Evaluate (-21 - -5) + (13 - -5) + (-3 - -1).
0
What is (4 - 5) + -15 - (-66 + 56)?
-6
What is the value of (1 - -35) + 16 + -38 + 14 + 2?
30
What is -7 + 1 + (4 - -1) + 2 + 8?
9
Calculate 3 - (-29 + 24) - (5 - -2).
1
Calculate -6 + (11 - (42 - -2)) + 13.
-26
What is the value of -11 - (-10 + -6 + -1)?
6
What is the value of (-9 + 18 - (10 + -5)) + 6?
10
What is the value of 2 + (-4 + -5 + 4 - (1 + -1))?
-3
Calculate -4 - (-4 - -1) - (31 + -21 + -15).
4
What is the value of -10 + (-1 + 11 - 8) + (-1 - -5)?
-4
Evaluate 3 + (5 - -2) + -9.
1
What is the value of 8 - (-1 - (-9 + 6)) - (0 - 0)?
6
What is -5 - -2 - (119 + -112)?
-10
What is the value of 1 - (2 + -15 + 5)?
9
Evaluate 9 + 1 + 0 + -6 + 4.
8
Calculate (1 - -3) + (-3 + 5 - (140 + -133)).
-1
Calculate (-4 - -4 - 12) + (28 - 39).
-23
What is the value of 337 + -362 - (-12 + 0)?
-13
Evaluate 5 - 1 - ((-6 - -16) + -2 + -9).
5
(1 - -6 - (-3 - (6 - 7))) + 0
9
What is the value of (1 - 0) + 7 + 7 + -5?
10
What is the value of -1 + 1 + (-3 + 11 - (-48 + 51))?
5
-1031 - -1061 - (-1 - -15)
16
Evaluate (-26 - -3) + 11 - -19.
7
Evaluate 4 + -4 + 3 + 0 + (7 - -3).
13
Evaluate 11 - (5 - (0 + 9 + -3 + -1)).
11
Evaluate (57 - 16) + 3 + -7 + -9.
28
What is -8 + 10 - -13 - 4 - -5?
16
What is -19 - (1 - (45 + -26))?
-1
What is -5 + 1 + 2 + (-1 - -6) + -9?
-6
-10 - (14 + -28 + (10 - 1) - 28)
23
Evaluate 11 + (8 - 29) + 10.
0
What is -36 + 1 - ((-5 - -1) + (-337 - -332))?
-26
1 + 10 - (6 - (-15 - -20) - 0)
10
Evaluate 69 + -25 + -23 - 9.
12
What is -15 - (32 + (-30 - 13))?
-4
-15 + (28 - 18) - (-1 - (0 - -22))
18
(0 - 15) + 27 + -7
5
Evaluate 10 + (4 - 3) + 11 + -8.
14
-2 - (1 + (-2 - -1) + 6 + -10)
2
Evaluate -9 + 9 + 9 + -1.
8
What is the value of -5 + -9 + 9 + 2?
-3
Evaluate (41 - 29) + (-7 - (1 - -2)).
2
What is the value of 3 - (-7 - (-7 + 1 + (47 - 46)))?
5
What is the value of 16 + 14 + -27 - -6?
9
What is the value of -18 - (-15 + -17 + 37)?
-23
What is the value of (-1 - 4 - (-57 + 53)) + -7 + -2?
-10
Evaluate 841 - 844 - (2 + -5 + 31).
-31
Calculate (-22 - (-8 + -5)) + 15.
6
What is (8 - 14) + -12 + 8?
-10
What is the value of 0 + -8 + 18 + (0 + -3 - -4)?
11
What is the value of -4 - (0 + 1 + 10 + -49)?
34
What is -4 - (-9 - -12) - -16?
9
Calculate -7 + 4 + (2 - (-9 + 1)).
7
What is -1 - (-1 - 1) - (-19 - (16 - 28))?
8
What is 70 + -83 - (3 + -34)?
18
Calculate 7 - (-3 - -10) - -8 - -2.
10
Calculate 6 - (-34 + 15 + (-4 - -16) + -15).
28
7 - -1 - 1 - (7 + -5 + 0)
5
Calculate -43 - (4 + -28) - 13.
-32
-14 + (-22 - (-35 - 12))
11
4 - (-8 - -7 - -19) - (-4 + 0)
-10
Evaluate -7 - (-10 + -10 + (8 - 7 - -5)).
7
Calculate -38 + 20 + 8 + -3.
-13
What is the value of 21 - (11 - 11 - (-2 + -5))?
14
What is the value of (2 - (-6 - 5)) + (-115 - -108)?
6
Calculate 0 + -4 + -29 + -20 + 45 - -11.
3
Calculate -10 - (-18 - (-9 + -10)).
-11
Evaluate -7 + 34 + (17 - 5) + -11 + -3.
25
Evaluate (4 - 1 - (-25 + 27)) + -16 + 15.
0
Calculate 8 + 10 + 20 + -42.
-4
What is the value of -170 - -170 - (21 - -6)?
-27
What is 21 - 15 - (8 - 6)?
4
What is -42 - -27 - (-10 + -1)?
-4
What is the value of 8 + (-7 - (-1 - -8 - -13))?
-19
What is the value of -22 + (-19 - -41) + 4?
4
Calculate (-6 - -7) + -30 + 8 + (8 - 15).
-28
Calculate -104 + 122 - (3 - 2).
17
(13 - 0) + 2 + 5 + -4 + 4
20
What is the value of -2 + 0 + -3 + -1 - (-948 + 929)?
13
What is 2 + -2 + (-21 - -19) + 8?
6
(-30 + 67 - 68) + 50
19
14 + (3 - 18 - -10)
9
-22 - (33 + -51 - 0)
-4
What is -23 - (-5 + -20) - (1 + 0 - -9)?
-8
Evaluate -2 - -4 - (-9 + -10 + 26).
-5
What is -21 + 11 - (2 + -4 + 3 + -7)?
-4
Evaluate -4 - (6 - 3 - (-11 + 21) - 3).
6
What is the value of -10 - -2 - (66 - 72)?
-2
-5 + -2 + 4 - (6 - 9)
0
Calculate 2 + (-15 + 28 - (24 + 1)).
-10
What is the value of 2 + 5 + (13 - (4 + 4))?
12
What is the value of -12 + -4 - (-47 + 5)?
26
What is the value of (-2 - (-19 + 13 + 6)) + -15?
-17
What is 326 - 313 - (1 - (1 + 1 + 0))?
14
What is -8 + 14 + -24 + 4 + 6?
-8
(20 - -4 - (9 - -1)) + -21
-7
What is (-19 - (-49 + 20)) + 1 + -3?
8
Evaluate 5 - (4 - -1) - (-12 + -12 + 58).
-34
Calculate -17 + (-28 - 7 - -29).
-23
What is the value of 0 - (7 - 6) - (-2 - -6)?
-5
What is -10 - (-26 - -14 - -8) - (4 - -8)?
-18
What is (6 + (-21 - 16) - -16) + (1 - -